ate the remainder when (-121)/(-4) + (m - (-38)/8) is divided by 18.
12
Let h(s) be the second derivative of s**4/6 - s**3/3 - 2*s**2 - 11*s. What is the remainder when h(-2) is divided by 92/22 + -3 + (-6)/33?
0
Suppose -5*d + 146 = 2*d - 337. Let t(n) = 22*n + 2. What is the remainder when t(9) is divided by d?
62
Suppose -1051*p + 748 = -1050*p - 4*x, -40 = 5*x. Calculate the remainder when p is divided by 60.
56
Let p = -14 + 28. Suppose 2*u - 14 = 36. Let r = 15 + u. What is the remainder when r is divided by p?
12
Suppose 65 = 5*c - 2*y - 10, 2*c + y - 30 = 0. Suppose 298 = 20*v - c*v + 4*f, 2*f = -2*v + 118. What is the remainder when 121 is divided by v?
59
Let n = -77 + 287. Let j(y) = y**2 - 13*y + 102. Calculate the remainder when j(0) is divided by ((-12)/18)/((-4)/n).
32
Suppose 3*f + 2*f = 400. Suppose -b + 236 = r, 5*r + 16*b - 13*b - 1180 = 0. Calculate the remainder when r is divided by f.
76
Suppose 2*g + 3 = -3*s - 1, 0 = 5*s - 4*g - 8. Suppose -5*z + f + 1034 = s, z = 3*z + f - 408. What is the remainder when z is divided by 14?
10
Let d(y) = y + 37. Let u be d(25). Suppose -4*z + 4 = -0*z - 4*j, 5*z + 5*j = 15. Suppose -z = 4*t - u. Calculate the remainder when 102 is divided by t.
12
Let f(l) = -2*l + l - 2*l + 8 - 3*l + 5*l. Calculate the remainder when 85 is divided by f(-11).
9
Let t(h) = -h**2. Let q(l) = 9*l + 6*l - 18*l + l**2 + 15. Let d(f) = q(f) - t(f). What is the remainder when d(6) is divided by 18?
15
Let r = -2591 + 2689. Let w be -2*(2 - (4 - 0)). Suppose -63 = -7*y + w*y. What is the remainder when r is divided by y?
14
Let b(q) = -43*q + 5. Let u(y) = -y**3 - 22*y**2 - 113*y + 55. Calculate the remainder when b(-2) is divided by u(-13).
1
Suppose -2*x - 218 = -5*c, 3*x - 19964 + 19785 = -4*c. Suppose 2*t + 1040 = 7*t. Calculate the remainder when t is divided by c.
32
Let i(t) = 366*t - 2154. Calculate the remainder when i(6) is divided by 24.
18
Suppose 46 = -s - 3*o + 188, 0 = -2*o - 12. Calculate the remainder when 1597 is divided by s.
157
Suppose -8*b - 254 = -3*s - 6*b, 5*s - b - 414 = 0. Suppose -940 = 72*p - s*p. What is the remainder when p is divided by 50?
44
Let z(i) = -i**3 + 8*i**2 + 11*i - 2. Let l(j) = j**2. Let x be l(-3). Let h be z(x). Calculate the remainder when 30 is divided by 108/h - 5/(-4).
6
Let z = 2183 - 880. Let o = z + -907. Suppose 5*k = -6 + o. What is the remainder when k is divided by 20?
18
Let r(i) = -16*i - 18. Let y be r(-5). Suppose 5*d = -7 + y. Suppose -107 = 5*x - 642. What is the remainder when x is divided by d?
8
Let f(o) = 10*o - 76. Let u be f(8). Suppose u*c = 3*g - 686, -5*g - c + 1147 = -4*c. What is the remainder when g is divided by 29?
27
Suppose -3*i - 3 = -4*i. What is the remainder when 36/144*(-656)/(-4) is divided by i?
2
Let n(v) = 82*v + 6. Let l be n(5). Suppose k - 4*k - 309 = -3*s, 0 = 4*s - 2*k - l. Suppose -6*r = 15 - s. Calculate the remainder when 57 is divided by r.
12
Let m be -102*(30/9 + -4). Let s = 133 - m. Calculate the remainder when s is divided by 3.
2
Suppose -570 = 19*d - 24*d. Suppose -4*q - d = -q. Calculate the remainder when 33 is divided by (-6)/12 + q/(-4).
6
Let u = -15 + 19. Suppose -u*m + 39 = 115. Let c = m + 22. Calculate the remainder when 9 is divided by c.
0
Let f(z) = z**2 - 15*z + 27. Let v(b) = -b**2 + 16*b - 26. Let s(m) = -3*f(m) - 2*v(m). Calculate the remainder when 6/14 - (-172)/7 is divided by s(9).
4
Suppose -5*z - 107 = -3*f, z + 218 - 3 = 5*f. Suppose 0 = 4*x - 2*c - 186, -x - 3*c = -5*x + 181. What is the remainder when x is divided by f?
5
Let v(b) = 2*b + 19. Let u be v(-7). Calculate the remainder when (u - -47) + 4 + -2 is divided by (-4)/18*-102 - 4/(-12).
8
Suppose 5*h + 5 = 0, h + 3*h = a + 83. Let f = a + 157. Let w = 425 + -410. What is the remainder when f is divided by w?
10
Suppose 2368*f - 2370*f = 6, 2*c - 2*f - 56 = 0. Calculate the remainder when c is divided by (-1 + 2 + 0)*9.
7
Let s = -12 - -23. Let d = 504 - 502. Calculate the remainder when d/((-4)/(-39)) - 3/2 is divided by s.
7
Let c = 417 + -180. Let y = 10989 + -10955. Calculate the remainder when c is divided by y.
33
Let x(d) = d**3 - 5*d**2 + 7*d - 1. Suppose 6*w + 3234 = 16*w + 32*w. Calculate the remainder when w is divided by x(5).
9
Let g be (1/1)/((-1780)/(-296) - 6). Let y = g + -58. Suppose 5*f - 330 = 4*m, 4*f - 137 = -2*m + 101. Calculate the remainder when f is divided by y.
14
Suppose -37*v = -759 + 93. Calculate the remainder when 376 is divided by v.
16
Let n(t) = -18*t**2 + 700*t + 143. Let b be (10/(-3))/(2/(-3)). Suppose 4*s + 0*s - 36 = b*w, 0 = -w + 4. What is the remainder when n(39) is divided by s?
9
Suppose -15*u = -838 + 73. Suppose -6*m + u + 15 = 0. Suppose -m*k + 172 + 191 = 0. What is the remainder when k is divided by 9?
6
What is the remainder when 5/((-10)/(-3348)) + 10/(-12 - -7) is divided by 28?
20
Let c(u) = u**2 + 4*u - 1. Suppose 9*l + 6*l + 45 = 0. Let w be c(l). Calculate the remainder when 112 is divided by 213/9 - w/(-6).
20
Suppose 4*b + 3*f + 391 = -0*b, -3*b + 5*f - 257 = 0. Let m = b + 183. Suppose -d + 155 = 4*d. What is the remainder when m is divided by d?
27
Let v be 0*1*(-1 - -2). Let t(y) = 1283*y - 1281. Calculate the remainder when -2 - (2 - 10) - v is divided by t(1).
0
Let i(s) be the second derivative of -4*s**3/3 - 137*s**2/2 + 108*s. Calculate the remainder when i(-26) is divided by 42.
29
Let q = -30 - -51. Let k(a) = 4*a**3 + 3*a**2 + a**2 - a - 4*a**3 + a**3. What is the remainder when q is divided by k(-3)?
9
Suppose s - 245 = -156. Calculate the remainder when 250 is divided by s.
72
Let x = 8 - 2. Let v be -2 - 6/15*(-23 + 8). Suppose 5*t - 2*w - 149 = 0, -8*t = -v*t + 4*w - 108. What is the remainder when t is divided by x?
5
Let t(m) = m**3 + 34*m**2 - 3*m - 99. Let w be t(-34). Suppose -w*c - k - 3*k + 56 = 0, 0 = 2*c - 4*k - 24. Calculate the remainder when c is divided by 12.
4
Let z = -18 + 48. Suppose 0 = 34*x - 78 - 58. Let b(k) = -4*k**3 + 27*k**2 - 6*k - 5. Calculate the remainder when b(x) is divided by z.
27
Suppose 0 = 57*z + 586 - 1156. Let s be -2 + -102*(0 - -1). Let o = 192 + s. What is the remainder when o is divided by z?
8
Let m be (-1)/(-2) - 237/(-6). Let z be (4/(-5))/((-4)/m). Suppose 0 = -z*i - 0*i + 432. Calculate the remainder when i is divided by 14.
12
Let o = -705 - -192. Let n = o + 522. What is the remainder when 78 is divided by n?
6
Let h(l) = -66*l - 14. Let d be h(-1). Suppose -m + 85 = 3*s + 3*m, -2*s + d = -2*m. What is the remainder when 50 is divided by s?
23
Suppose 350*t + 1311 = 407*t. What is the remainder when 6414 is divided by t?
20
Suppose 2*v - 6*v - 44 = -4*j, -3*j + 57 = 5*v. Let u(g) = -6*g**2 + 85*g - 7. What is the remainder when 305 is divided by u(j)?
4
Let q(a) = 3*a - 17. Let p be q(5). Calculate the remainder when 37 is divided by (-1775)/(-150) - p/12.
1
Let g(h) = -3*h**3 + 46*h**2 - 14*h + 73. Calculate the remainder when 2016 is divided by g(15).
80
Let z be 18/(((84/402)/(-7))/(-1)). Let h = z + -580. Calculate the remainder when 434 is divided by h.
20
Let f = -17212 + 17282. Calculate the remainder when 7277 is divided by f.
67
Let p(w) = 21*w**2. Suppose -2*h - 1186 = -3*v, 5*v + 25*h - 24*h - 1968 = 0. Suppose 396*g - v*g - 82 = 0. Calculate the remainder when g is divided by p(1).
20
Let i be (-15)/5 + 3 - -153. Suppose -i = 2*y - 5*y. Calculate the remainder when 97 - 2 - (-2 - 2) is divided by y.
48
Let r(o) = -o**3 - o**2 - o - 2. What is the remainder when ((-444)/9)/((-212)/318) is divided by r(-3)?
17
Suppose 0 = -2*f + 20 + 28. Let z(g) = 27*g - 23. What is the remainder when f is divided by z(1)?
0
Suppose 4*a = 11 + 17. Let q be (-1)/a + 1422/7. Suppose 3*x - q = h, -4*x + 241 = 2*h - 13. Calculate the remainder when x is divided by 17.
15
Let h(k) = -53*k + 227. Suppose 380 = 6*n - 2*n. Calculate the remainder when n is divided by h(4).
5
Let l(y) = 17 + 0*y**2 + 25*y**2 + 25*y - y**3 - 34 + 48. Calculate the remainder when 39 is divided by l(26).
4
Let y = -242 - -299. Calculate the remainder when (2 + y)*(15/3 - 1) is divided by 17.
15
Suppose 0 = -14*z - 4387 + 28480 + 34189. What is the remainder when z is divided by 119?
117
Let x = -4313 - -4522. What is the remainder when 